pose -u*c + 109 = b, b = -5*c + 2*c + 113. What are the prime factors of b?
5
Let k = 1194 + -717. List the prime factors of (-3)/((-27)/k)*11.
11, 53
Suppose -3*c - 50 + 257 = 0. Let d = c - 65. Suppose d*s - 432 + 48 = 0. List the prime factors of s.
2, 3
Let w(v) = -v**3 + 18*v**2 - 81*v + 17. Let j be w(8). List the prime factors of (-9)/(j/(-532)) - 2.
2, 5, 53
Let c(t) = 5*t - 13 + 16*t**3 - 2*t + 5*t**3 - 5*t**2 - 24*t**3. What are the prime factors of c(-6)?
19, 23
Let q(g) = -g + 23. Let z be q(16). Let l(b) = -2*b**2 + 3*b + 13. Let m be l(z). Let s = -25 - m. List the prime factors of s.
3, 13
Let a be (-57684)/(-115) + (-1)/5*3. Let w = -435 + a. What are the prime factors of w?
2, 3, 11
Let u = -106 - -74. Let s be (-2 - 1)/(2/u). Suppose -8 = -4*b + s. What are the prime factors of b?
2, 7
Suppose 0 = 2*p - 153 + 31. Suppose 3*j - 173 - p = 0. List the prime factors of -1 + (-6)/2 + j.
2, 37
Let k = 67 - 68. Let i be (-8*k/(-2))/(-2). Suppose -3*z + 8*w = 3*w - 136, i*z - w - 86 = 0. List the prime factors of z.
2, 3, 7
List the prime factors of 14 - 9/(72/(-132136)).
61, 271
Suppose 4*k - 110500 - 5934 = -q, 3*q = k - 29128. What are the prime factors of k?
2, 5, 41, 71
Suppose 3*n - 64953 = 1057*u - 1060*u, -n + 2*u + 21660 = 0. List the prime factors of n.
2, 3, 401
Let h(q) = q**3 + 2*q**2 - 2*q - 4. Let v be h(2). Suppose v = 7*t + 22. What are the prime factors of 1/((-3)/t)*(-6897)/(-22)?
11, 19
Let w be (-40)/(-14) - (-4)/28. Suppose w*x + 7*x - 90 = 0. Suppose -3*o + 85 + x = 4*i, 116 = 4*o - 4*i. What are the prime factors of o?
2, 3, 5
Suppose -3*w + 178483 = -434*m + 439*m, -142778 = -4*m - w. What are the prime factors of m?
7, 5099
Let o(d) = -3*d**2 + 33*d. Let z be o(11). Suppose -3*h + 1212 = -p, -2031 = -5*h - z*h - 2*p. What are the prime factors of h?
3, 5
Suppose 50*h = 302735 + 230765. What are the prime factors of h?
2, 5, 11, 97
Suppose -3*c = -8*c + 60. Suppose 9*u - 5*u = c. What are the prime factors of -1*(-2)/u*75/10?
5
Suppose 445258 = -6016*y + 6053*y. What are the prime factors of y?
2, 11, 547
Let q(w) = 33*w**3 + 1. Let v be q(1). Let o = v + -3. Let j = -27 + o. What are the prime factors of j?
2
Let w(v) = v**2 + 9*v - 18. Let o be w(-11). Suppose -o*f + 68 + 148 = 0. Let b = 114 - f. What are the prime factors of b?
2, 3, 5
Suppose 331*i - 338*i = 10024. Let q = 60 - i. What are the prime factors of q?
2, 373
Let o(j) be the first derivative of -29*j**2/2 - 15*j + 1. Let u = 1674 + -1679. List the prime factors of o(u).
2, 5, 13
Let o = -9207 + 25388. What are the prime factors of o?
11, 1471
Let i(n) = n**3 - 25*n**2 - 23*n - 1. Let j be i(26). Suppose 3*p = -d + 5*p + 75, j = d - 3*p. Let b = 141 - d. List the prime factors of b.
2, 5, 7
Let p = 259 + -259. Suppose -24*z + 25*z - 776 = p. List the prime factors of z.
2, 97
Suppose -2*k + 202 = 80. Suppose -k = 2*g + 25. What are the prime factors of (-2 - -2) + -1 - 2 - g?
2, 5
Suppose -1162*y + 86775 = -1137*y. List the prime factors of y.
3, 13, 89
Suppose 0*d = -8*d + 256. Let y be (166/4)/(16/d). Let v = 17 + y. List the prime factors of v.
2, 5
Suppose 13636 = 4*k + 104*s - 106*s, 0 = -4*k + 4*s + 13644. What are the prime factors of k?
3407
Suppose 98*g - 6*g - 78200 = 0. List the prime factors of g.
2, 5, 17
Let o(w) = 245*w**2 + 14*w + 92. What are the prime factors of o(-7)?
13, 71
Suppose i - 2*k = -4*i - 6021, 5*i + 6023 = k. Let j = -560 - i. What are the prime factors of 9/6 - j/(-6)?
109
Suppose 3120 = 22*o - 10*o. Let n be (o - 1/(-1))*1. Let z = -170 + n. List the prime factors of z.
7, 13
Suppose -19*k + 4*w = -11*k - 156188, -w = 4*k - 78097. List the prime factors of k.
2, 3, 1627
Suppose -14*v + 59*v - 1080 = 0. Suppose -4468 = -v*x + 4004. What are the prime factors of x?
353
Suppose 74*n + 114*n = 223*n - 1137815. What are the prime factors of n?
19, 29, 59
Let m be ((-16)/(-20))/(2/10). Suppose -8 = -3*d + m. Suppose -5*n = -4*j + 285, -d*j + 2*n - 3*n = -303. List the prime factors of j.
3, 5
Let o = 7149 - -3179. List the prime factors of o.
2, 1291
Let t(r) = -r**2 - 36*r - 37. Let c be t(-39). Let g = 278 - 12. Let z = g + c. List the prime factors of z.
2, 7
Suppose 4*x = 3*r - 16, -3*x + 6*x + 12 = -2*r. Let b(w) = 67*w + 23. Let m(k) = -17*k - 5. Let v(t) = 6*b(t) + 26*m(t). List the prime factors of v(x).
2, 3, 7
Let n = -30 - -15. Let d = -655 + 709. Let q = d + n. List the prime factors of q.
3, 13
Let n = 39 - 35. Let c be 5 - ((n - 3) + 1). Let o = c + 12. List the prime factors of o.
3, 5
Let j = -5782 - -22600. What are the prime factors of j?
2, 3, 2803
Let q = 20 + -18. Suppose -q*c + 10 = -0. Suppose -c*f = 6*f - 352. List the prime factors of f.
2
Suppose 2*a + 2*a = 5*i - 24, 2*i - 5 = -3*a. Suppose -i*t + 318 + 698 = 0. List the prime factors of t.
2, 127
Let y be 2*((-39)/(-6) + -4). Suppose r = 3*f - 22, -5*f = -0*r - y*r - 50. What are the prime factors of (-6)/(-9)*39/f*24?
2, 13
Let m = 47 + -25. Let d(j) = -m*j + 37 + j**3 + 0*j**3 + 4*j**2 - 125 - 31*j**2. What are the prime factors of d(28)?
2, 5
Suppose 0 = -70*r + 76*r - 1386. What are the prime factors of r?
3, 7, 11
Let f(p) = p**2 - 9*p + 20. Suppose 4*x = 4*i - 8, 2*i = -2*x - 3*x + 4. Suppose -i*n = -32 + 20. List the prime factors of f(n).
2
List the prime factors of (-3312)/80*5235/(-9).
3, 23, 349
Let c(k) be the second derivative of 107*k**3 + 6*k**2 + 26*k. Let u be c(4). List the prime factors of 2/9 + u/54.
2, 3
Suppose 3*d - 2942 + 444 = 2*x, -5*d + 4178 = 4*x. Suppose 0 = -12*o - d + 10110. What are the prime factors of o?
773
Suppose 9*o - 767 = -4*o. Let d be (-2)/(-10) + (-5 - o/(-5)). Let n(x) = x**3 - 7*x**2 + 7*x - 1. List the prime factors of n(d).
2, 3
Let c(a) = -133*a + 877. List the prime factors of c(-43).
2, 17, 97
Suppose 4*i = 3*a - 24, 21 + 6 = 3*a - 5*i. Suppose -4*y = a*h - 9*y + 1475, -2*h - 4*y = 744. Let q = 548 + h. List the prime factors of q.
2, 89
Let b be -10 - -167 - 0/(-2). Let i be (-3)/(-6) + b/4*6. Suppose 0 = 5*p + s + 81 - i, 2*s = 4*p - 138. What are the prime factors of p?
2
Let u(l) = 97*l**2 - 107*l - 2111. What are the prime factors of u(-15)?
21319
Suppose -1503 = -5*i - u, -5*i + 3*u + u = -1513. Let d = -586 + i. Let z = d - -566. What are the prime factors of z?
281
Let t(w) = -3*w**3 + 4. Let q be t(3). Let n = q + 321. List the prime factors of n.
2, 61
Let h(y) = 3*y - 21. Let n be h(11). Let m = 17 - n. Suppose -3*s + 3*l = -156, 2*s - 2*l = m*s - 151. List the prime factors of s.
3, 17
Suppose -92*i + 715209 = 226229. List the prime factors of i.
5, 1063
Let b be (-2)/5 + (-132)/(-30). Suppose -b*o = 3*m + 12, o - m - 1 = 3. What are the prime factors of (-44)/33*(o - 12)?
2
Let k be 2*((-6)/(-14) + 28/49). Suppose k*y - 2*a - 1477 = 769, 2*a = -y + 1123. List the prime factors of y.
1123
Suppose -286*b + 1186838 = -417908. List the prime factors of b.
31, 181
Let m(z) = 1. Let y be (-6)/10 - ((-206)/10 - 0). Let f(n) = -20*n - 56. Let w(l) = y*m(l) + f(l). List the prime factors of w(-9).
2, 3
Suppose 16*g + 3*z = 11*g + 15, -2*g - 2*z = -6. Suppose g*k - 279 = -d, 10*k - 598 = -2*d + 12*k. List the prime factors of d.
2, 3, 7
Let h = 41 - 37. Suppose -2*y - 175 = -4*y + c, -h*c - 70 = -y. What are the prime factors of ((y/4)/(-3))/((-36)/240)?
2, 5
Let s(z) = -7*z + 421. Let c be s(53). List the prime factors of (21625/c)/((-3)/(-6)).
5, 173
List the prime factors of ((-84)/392 - (-22)/(-28))*-10379.
97, 107
Let t = -28 - -25. What are the prime factors of -691*t/(-9)*(5 - 8)?
691
Let p(u) = 3*u**2 + u - 26. Let w be p(0). Let q = w + 26. Suppose 0*l + s = -3*l + 176, q = -s - 1. List the prime factors of l.
59
Suppose k + 3 = 3*t - 5*t, 11 = 3*k + 2*t. Suppose 0 = -k*j + 17*j - 30. Suppose -160 = -j*d - 5*d. List the prime factors of d.
2, 5
Let g(q) = -4*q - 194. Let s be g(-49). Suppose 0 = -3*y + 2*p + 2115 + 475, s*p = -10. List the prime factors of y.
2, 5, 43
Suppose w - 6210 = 4*o, -6*w - 2*o = -2*w - 24768. List the prime factors of w.
2, 19, 163
Let s be 5/(50/15)*62. Let k(u) = s + 0 + 13 + 4*u. List the prime factors of k(0).
2, 53
Let d(t) = -9*t**2 - 14*t + 8. Let n be d(6). What are the prime factors of (-6)/4*n/(-35)*-14?
2, 3, 5
Let x = -8653 + 18284. List